1201 + -4?
2414611164
In base 2, what is 1000101110010010001 - 10110?
1000101110001111011
In base 2, what is -101010000111010110001101 + 110?
-101010000111010110000111
In base 15, what is -25e9c - 72a?
-266c7
In base 14, what is 2 - -86c7071?
86c7073
In base 5, what is 11011241 + 11020?
11022311
In base 2, what is 1110100 - 10110000010111111001?
-10110000010110000101
In base 3, what is 110 + -21212222211?
-21212222101
In base 13, what is 2c + -3b7ba9?
-3b7b7a
In base 13, what is -375bb767 + 3?
-375bb764
In base 4, what is 2331020230 + 2031?
2331022321
In base 14, what is 4 - 3651b5c?
-3651b58
In base 10, what is -4 - 112317229?
-112317233
In base 2, what is -1001110000101010000 - -11011?
-1001110000100110101
In base 3, what is -10010111 - 10012222221?
-10100010102
In base 5, what is 242004 - -1101323?
1343332
In base 14, what is 30a50 + 1b8?
30c28
In base 4, what is -3 + 21230220013101?
21230220013032
In base 3, what is -100000 - -201002022001?
201001222001
In base 15, what is 14a - 53586?
-5343b
In base 7, what is 2444325 + -1161?
2443134
In base 11, what is 1277a + 566?
13235
In base 11, what is 95a2 - -177?
9769
In base 10, what is 460497475 + 1?
460497476
In base 15, what is -2c - -1ca77?
1ca4a
In base 10, what is 9834 + -693?
9141
In base 9, what is -18568602 + -5?
-18568607
In base 15, what is 14125 - 20b?
13e19
In base 8, what is 22354305 - 32?
22354253
In base 9, what is 5016 + 5?
5022
In base 8, what is -572165 + -1150?
-573335
In base 11, what is a3485a + -4?
a34856
In base 4, what is 12 + -10112210213?
-10112210201
In base 8, what is 3753 + -123323?
-117350
In base 6, what is 112 - 10143020?
-10142504
In base 8, what is 1 + 606416077?
606416100
In base 5, what is -10340440 + -143?
-10341133
In base 6, what is 12 - 53143443?
-53143431
In base 9, what is 131 + 2562886?
2563127
In base 4, what is -22031223 - -112?
-22031111
In base 12, what is 1b3 - -290b?
2b02
In base 12, what is -339 - 17851?
-17b8a
In base 10, what is -1414 + 171489?
170075
In base 9, what is -8211 - -2?
-8208
In base 6, what is 1321 - 133303?
-131542
In base 13, what is -9b6b6 - 21?
-9b707
In base 2, what is -11 - 111001011000010010?
-111001011000010101
In base 2, what is -11010111001010011001011 - 11101000?
-11010111001010110110011
In base 12, what is -3 + -2013b48?
-2013b4b
In base 11, what is 5084 + -aa13?
-593a
In base 12, what is 1666 + 45b33?
47599
In base 12, what is 2853 + 1367?
3bba
In base 7, what is -1015360434 + -5?
-1015360442
In base 12, what is 4437958 - 5?
4437953
In base 12, what is 84 - 46796a?
-4678a6
In base 2, what is 110101010101011011011 + -10100?
110101010101011000111
In base 6, what is 55502 - 102543?
-3041
In base 6, what is 110000 + 125451?
235451
In base 5, what is -2 - 12324121244?
-12324121301
In base 11, what is 3a434 + 2946?
4227a
In base 15, what is 18258 - 105?
18153
In base 6, what is -110225 + -220322?
-330551
In base 13, what is 62710 + -11?
626cc
In base 15, what is 2 - -4911b0?
4911b2
In base 5, what is -134210 - -142201?
2441
In base 10, what is 898868 + -196?
898672
In base 16, what is 7380185 - 4?
7380181
In base 11, what is 896 + -302?
594
In base 11, what is -5a - -17826?
17777
In base 6, what is -43325535 + -122?
-43330101
In base 5, what is -1111 + 14313112?
14312001
In base 5, what is -10244332 - 2333?
-10302220
In base 16, what is -b4d - 6bd?
-120a
In base 11, what is 3 + 11a42481?
11a42484
In base 10, what is 88 - 30684?
-30596
In base 8, what is -3170 - -104677?
101507
In base 16, what is -1 - 18320c?
-18320d
In base 11, what is 2a259 - 40?
2a219
In base 2, what is 10111111000000001 - 110110011?
10111110001001110
In base 15, what is -77c23 + -6?
-77c29
In base 7, what is 142 + 46243?
46415
In base 9, what is -2 - 30234876?
-30234878
In base 12, what is 1836 - 19458?
-17822
In base 2, what is 1000011100100110000010000 + -100?
1000011100100110000001100
In base 9, what is 41865808 - 0?
41865808
In base 6, what is -1400 + 30200153?
30154353
In base 4, what is -3 - 20321211322030?
-20321211322033
In base 11, what is 38616851 + 3?
38616854
In base 14, what is 2b6c0 - -7a?
2b75a
In base 13, what is 65b + -202c02?
-202574
In base 2, what is -1010100110001000 - -1110101100?
-1010010111011100
In base 8, what is -375443 - 4?
-375447
In base 2, what is -10111011011 - 1111?
-10111101010
In base 3, what is 20 + 21102100102122?
21102100102212
In base 4, what is 130 - -131023333203?
131023333333
In base 9, what is 1103455 + -3?
1103452
In base 7, what is -1302665 + 13322?
-1256343
In base 13, what is 5b75 + 9c9a?
12b42
In base 6, what is -11531 + 21530?
5555
In base 9, what is -3538642 + 7?
-3538634
In base 5, what is -20242403 + -140?
-20243043
In base 14, what is -4073 + 333?
-3b40
In base 2, what is 101101010001011101 - -111001?
101101010010010110
In base 10, what is -2 - -26025293?
26025291
In base 6, what is 4300043 + -102?
4255541
In base 11, what is 163 + -aaa867?
-aaa704
In base 15, what is -2 - e3964?
-e3966
In base 2, what is -110 - 1011000001000110111?
-1011000001000111101
In base 9, what is 2 - 166224?
-166222
In base 7, what is 23 - 12405033?
-12405010
In base 13, what is 9a995 - 32?
9a963
In base 2, what is -1 - 1000111110110101101101111?
-1000111110110101101110000
In base 8, what is 3 - 202604536?
-202604533
In base 12, what is 1680a542 - -11?
1680a553
In base 4, what is -322131021 + -11130?
-322202211
In base 13, what is -659b625 + 2?
-659b623
In base 11, what is -1aa4a7558 - 5?
-1aa4a7562
In base 5, what is -114333 + -3031?
-122414
In base 2, what is -1101100101111111001110001100 - 1?
-1101100101111111001110001101
In base 15, what is -31 - 12522?
-12553
In base 3, what is 102010210200000001 + -2?
102010210122222222
In base 2, what is 110010001 + -1001111100?
-11101011
In base 9, what is 3 + -15720123?
-15720120
In base 3, what is -10 + -120121201100221210?
-120121201100221220
In base 9, what is -23086 - -5438?
-16547
In base 11, what is 1805 - 2946?
-1141
In base 11, what is 9931 - 546a?
4472
In base 4, what is 0 + -30201002200?
-30201002200
In base 13, what is 12031 - 1075?
10c89
In base 13, what is -54 + 2319c?
23148
In base 3, what is -1110010 + -100202122?
-102012202
In base 16, what is -19b4c - -14?
-19b38
In base 5, what is -2422310 + 12214?
-2410041
In base 12, what is 5ba5 - -84a?
6833
In base 13, what is -665a43 + 7?
-665a39
In base 14, what is -5a237 - 902?
-5ab39
In base 7, what is -4 - -41641114?
41641110
In base 13, what is -3057 + 5629?
25a2
In base 9, what is -15035 + 2174?
-12751
In base 12, what is -1 + 893745?
893744
In base 12, what is 99b6a7 + 12?
99b6b9
In base 14, what is c17 + 212?
1029
In base 13, what is 2 + -1471b34a?
-1471b348
In base 3, what is 2112001110221102 + 11?
2112001110221120
In base 8, what is -165 - 162666?
-163053
In base 9, what is 1843444 - -11?
1843455
In base 13, what is 3 - -8829827?
882982a
In base 14, what is -1a8044c + 2?
-1a8044a
In base 8, what is 20324 - 14376?
3726
In base 6, what is 3 + -232414114?
-232414111
In base 14, what is -4 - 170926d2?
-170926d6
In base 3, what is -21 + 2011220220020?
2011220212222
In base 2, what is 110001011001 - -100111101111011101?
101000100000110110
In base 2, what is 1110100 - 1111000000010110001?
-1111000000000111101
In base 3, what is 102112020102001 + -1?
102112020102000
In base 3, what is -11 - -1011111122012?
1011111122001
In base 6, what is 250315 - -3015?
253334
In base 2, what is 1100000101111010011011110 - 111000?
1100000101111010010100110
In base 16, what is -1ada - -8d9?
-1201
In base 10, what is 1 - 14143649?
-14143648
In base 16, what is -427de2 + 9?
-427dd9
In base 4, what is -1 - 1323031322?
-1323031323
In base 10, what is 4 + -15845758?
-15845754
In base 7, what is -206 + -1366656?
-1400165
In base 3, what is 1112010001 + 21001?
1112101002
In base 13, what is a - 1bb1859?
-1bb184c
In base 2, what is -1110010001011010101110 - -11011001?
-1110010001010111010101
In base 14, what is -3 + b7b79d?
b7b79a
In base 4, what is -12 + 20202011132?
20202011120
In base 4, what is -3 + 22211100133?
22211100130
In base 6, what is 503114 + 420?
503534
In base 6, what is -1323 + -111542?
-113305
In base 11, what is 21 + -78994?
-78973
In base 9, what is 4485 + 4303?
8788
In base 13, what is 1b1 + -150ab6?
-150905
In base 4, what i